atest common factor of 3625 and 546650?
725
What is the greatest common factor of 6330 and 206358?
1266
What is the highest common factor of 185768 and 16?
8
Calculate the highest common factor of 809 and 156137.
809
Calculate the greatest common factor of 18 and 26937.
9
What is the highest common factor of 200 and 89050?
50
Calculate the greatest common factor of 1082304 and 8.
8
What is the highest common divisor of 16077 and 2796?
699
What is the greatest common factor of 26358 and 1794?
138
Calculate the highest common factor of 5497 and 19573.
23
Calculate the highest common factor of 6 and 87258.
6
What is the greatest common divisor of 10419 and 69?
69
What is the highest common divisor of 40113 and 576?
9
What is the greatest common divisor of 344 and 86860?
172
What is the greatest common divisor of 6 and 1304?
2
Calculate the greatest common divisor of 346 and 299636.
346
What is the highest common factor of 2505305 and 820?
205
Calculate the greatest common divisor of 19 and 28481.
19
What is the highest common factor of 115941 and 63?
21
What is the greatest common divisor of 20114 and 4806?
178
What is the highest common factor of 363 and 6050?
121
What is the highest common factor of 2475 and 3525?
75
Calculate the highest common divisor of 3238702 and 76.
38
Calculate the highest common divisor of 8575 and 4067.
49
What is the highest common factor of 7 and 605850?
7
What is the greatest common divisor of 199446 and 312?
78
Calculate the greatest common divisor of 477 and 99.
9
Calculate the highest common divisor of 322 and 86526.
46
What is the greatest common divisor of 172408 and 5704?
184
What is the highest common factor of 1415537 and 359?
359
What is the greatest common factor of 6333 and 18?
3
What is the greatest common divisor of 60250 and 800?
50
What is the highest common factor of 3648042 and 778?
778
What is the highest common divisor of 157435 and 1265?
115
What is the highest common divisor of 503795 and 17?
17
Calculate the highest common divisor of 1086 and 18.
6
What is the greatest common divisor of 2116251 and 747?
747
What is the greatest common factor of 10190 and 2880?
10
What is the greatest common divisor of 11255 and 545?
5
What is the greatest common factor of 106 and 455641?
53
What is the highest common divisor of 1810 and 80?
10
Calculate the greatest common divisor of 37 and 34817.
37
What is the highest common factor of 17 and 5008999?
17
Calculate the highest common divisor of 73598 and 196.
98
Calculate the greatest common divisor of 283 and 7912963.
283
Calculate the highest common divisor of 6761 and 7.
1
What is the highest common factor of 52 and 88777?
13
Calculate the highest common factor of 12222 and 1649.
97
What is the greatest common divisor of 122 and 124989?
61
What is the greatest common factor of 55 and 2585?
55
What is the highest common factor of 303 and 2717607?
303
What is the highest common factor of 125807 and 11?
11
Calculate the greatest common factor of 31808 and 63.
7
Calculate the greatest common divisor of 1192 and 64.
8
What is the greatest common divisor of 18 and 3282?
6
What is the highest common divisor of 35 and 86795?
5
What is the greatest common factor of 864210 and 270?
30
Calculate the highest common divisor of 17641 and 171808.
767
Calculate the highest common factor of 2645 and 3411521.
529
Calculate the greatest common divisor of 36 and 20502.
18
What is the highest common divisor of 544 and 107104?
32
What is the greatest common divisor of 120 and 347736?
24
Calculate the greatest common factor of 180 and 324.
36
What is the highest common divisor of 27749 and 8?
1
What is the highest common divisor of 403 and 119257?
31
Calculate the highest common divisor of 8 and 5028.
4
What is the highest common factor of 72 and 84408?
24
Calculate the highest common factor of 2502659 and 73.
73
What is the highest common divisor of 27944 and 504?
56
What is the greatest common divisor of 823897 and 1684?
421
What is the highest common factor of 5759 and 1001?
13
Calculate the highest common divisor of 20 and 9105.
5
What is the highest common factor of 329 and 81277?
7
Calculate the highest common divisor of 2494 and 20155.
29
Calculate the highest common factor of 11 and 156.
1
What is the greatest common divisor of 10 and 2726835?
5
Calculate the highest common factor of 666523 and 1573.
143
Calculate the highest common divisor of 753228 and 1260.
252
Calculate the greatest common divisor of 14476 and 7084.
308
What is the highest common divisor of 2641 and 5421?
139
Calculate the greatest common factor of 625003 and 113.
113
What is the highest common divisor of 342 and 3789?
9
Calculate the greatest common divisor of 226352 and 172.
172
Calculate the greatest common factor of 43014 and 10452.
402
What is the greatest common factor of 68961 and 1143?
381
What is the greatest common divisor of 401192 and 235?
47
Calculate the highest common factor of 212 and 196418.
106
What is the greatest common factor of 5412 and 2904?
132
Calculate the greatest common factor of 221 and 1391.
13
What is the greatest common divisor of 6093 and 657?
9
Calculate the highest common factor of 11374 and 123563.
517
Calculate the highest common factor of 612 and 13158.
306
What is the greatest common divisor of 6534 and 2454?
6
What is the highest common factor of 5582694 and 1482?
1482
Calculate the greatest common divisor of 990 and 35865.
45
What is the greatest common factor of 28416 and 512?
256
What is the highest common factor of 61408 and 8854?
38
What is the highest common factor of 2605 and 15?
5
What is the greatest common factor of 3624 and 9546?
6
Calculate the highest common divisor of 60145 and 4184.
523
What is the highest common divisor of 2278 and 8174?
134
What is the greatest common divisor of 43024 and 384?
16
Calculate the greatest common factor of 74 and 327746.
74
What is the highest common factor of 10660 and 20?
20
What is the highest common divisor of 1736 and 43648?
248
What is the greatest common divisor of 3346 and 10?
2
What is the highest common divisor of 37 and 342287?
37
Calculate the greatest common factor of 19150 and 300.
50
Calculate the greatest common divisor of 708 and 76287.
177
Calculate the highest common divisor of 141912 and 73.
73
What is the highest common divisor of 31579 and 9?
1
Calculate the greatest common factor of 128 and 1916.
4
What is the highest common divisor of 40 and 2625700?
20
What is the greatest common factor of 494256 and 224?
112
What is the highest common factor of 111 and 213?
3
What is the highest common factor of 96 and 59264?
32
Calculate the greatest common divisor of 45000 and 1080.
360
What is the greatest common factor of 1829604 and 18354?
966
What is the highest common factor of 48890 and 30?
10
Calculate the highest common divisor of 2888 and 9386.
722
Calculate the highest common divisor of 22151 and 68.
17
What is the highest common divisor of 27808 and 49375?
79
What is the greatest common factor of 545 and 303565?
545
What is the greatest common divisor of 27380 and 1295?
185
What is the highest common factor of 10 and 48485?
5
Calculate the highest common divisor of 4895 and 1925.
55
What is the highest common divisor of 184 and 23138?
46
Calculate the highest common divisor of 6307 and 1484.
371
What is the highest common factor of 98 and 5478298?
98
Calculate the highest common divisor of 125388 and 387.
387
What is the highest common factor of 263 and 572288?
263
What is the highest common factor of 14650 and 11134?
586
Calculate the highest common divisor of 39 and 239915.
13
Calculate the greatest common factor of 193145 and 5.
5
Calculate the greatest common factor of 20 and 5176.
4
What is the greatest common factor of 5768 and 48307?
721
What is the greatest common factor of 2508 and 361?
19
Calculate the highest common divisor of 60990 and 76.
38
Calculate the highest common divisor of 784 and 8281.
49
What is the highest common divisor of 32288 and 200?
8
Calculate the greatest common factor of 448 and 132896.
32
What is the greatest common factor of 20 and 3908?
4
What is the greatest common factor of 4800692 and 226?
226
Calculate the greatest common factor of 42 and 97454.
14
Ca